{"id":1177,"date":"2017-02-07T22:00:25","date_gmt":"2017-02-07T21:00:25","guid":{"rendered":"http:\/\/folkbat.se\/wordpress\/?page_id=1177"},"modified":"2023-03-15T12:46:10","modified_gmt":"2023-03-15T11:46:10","slug":"vastkusten","status":"publish","type":"page","link":"https:\/\/folkbat.se\/wordpress\/?page_id=1177","title":{"rendered":"V\u00e4stkusten"},"content":{"rendered":"\n<p><strong>V\u00e4stkusten<\/strong><br>2016 f\u00e5r vi nog kalla en riktig l\u00e5gs\u00e4song h\u00e4r i v\u00e4st. Deltagarantalet p\u00e5 v\u00e5ra seglingar har varit osedvanligt l\u00e5gt. SM p\u00e5 V\u00e4rtan lockade inte s\u00e5 ist\u00e4llet \u00e5kte n\u00e5gra ner till Danska M\u00e4sterskapet i Skovshoved. D\u00e4r visade det sig som vanligt att \u201dDi danske\u201d var sv\u00e5rslagna. Men \u201dPaj\u201d fr\u00e5n Karlshamn snodde tv\u00e5 2:a platser! Han seglade fr\u00e5n Karlshamn till Skovshoved. Det var en tuff tur<br>i allt annat \u00e4n sommarv\u00e4der!!<\/p>\n\n\n\n<p>Lennart Magnusson med sin vackra 1390 vann en segling. Han var ocks\u00e5 b\u00e4st bland \u201dDi Svenske\u201d med en 10:e plats totalt. Inte d\u00e5ligt i det getingboet! 1390 har ocks\u00e5 varit den b\u00e4sta b\u00e5ten under s\u00e4songen. Att segla mot de b\u00e4sta tror jag \u00e4r r\u00e4tt melodi f\u00f6r att bli b\u00e4ttre. Att segla mot s\u00e5 skickliga folkb\u00e5tsseglare som de danska ger oerh\u00f6rt mycket, men vi har l\u00e5ngt kvar. Men redan nu med lite tur kan vi vara med och sl\u00e5ss i en och annan segling.<\/p>\n\n\n\n<p>Jubel\u00e5ret 2017 \u00e4r ju speciellt f\u00f6r oss. Det var ju h\u00e4r allting b\u00f6rjade f\u00f6r 75 \u00e5r sedan. Vi g\u00f6r d\u00e4rf\u00f6r ett litet f\u00f6delsedagskalas den 22 April, d\u00e4r vi utg\u00e5r fr\u00e5n L\u00e5ngedrags SS klubbhus. Se separat inbjudan!! SM-et g\u00e5r ju i Halmstad (som rustat rej\u00e4lt) och Guldpokalen i Kerteminde. Vi blir nog n\u00e5gra som \u00e5ker p\u00e5 b\u00e4gge. Det skall bli speciellt kul att segla i Halmstad. N\u00e5r vi 30 b\u00e5tar d\u00e4r tro?<\/p>\n\n\n\n<p>Rolf Uppstr\u00f6m<\/p>\n\n\n\n<h3 class=\"wp-block-heading\">\u00c5rsprogrammet 2017<\/h3>\n\n\n\n<figure class=\"wp-block-image\"><img decoding=\"async\" src=\"http:\/\/folkbat.se\/vastkusten\/Folkb\u00e5t%2075%20\u00e5r%202017.pdf\" alt=\"\"\/><\/figure>\n\n\n\n<figure class=\"wp-block-table\"><table><tbody><tr><td><center>4 april<\/center><\/td><td>Flottiljtr\u00e4ff<\/td><\/tr><tr><td><center>22 april<\/center><\/td><td>Folkb\u00e5tens dag, Arendal<\/td><\/tr><tr><td><center>9 maj (1:a segl.)<\/center><\/td><td>Tisdagsseglingar LDSS, L\u00e5ngedrag<\/td><\/tr><tr><td><center>13 maj<\/center><\/td><td>Flottiljtr\u00e4ff b\u00e5ttrim, L\u00e5ngedrag<\/td><\/tr><tr><td><center>20 maj<\/center><\/td><td>Framn\u00e4svalsen<\/td><\/tr><tr><td><center>3-4 juni<\/center><\/td><td>DM LDSS, L\u00e5ngedrag<\/td><\/tr><tr><td><center>6 juni<\/center><\/td><td>Klassiska regattan GKSS, L\u00e5ngedrag<\/td><\/tr><tr><td><center>5-8 juli<\/center><\/td><td>SM, Halmstad<\/td><\/tr><tr><td><center>7-10 aug<\/center><\/td><td>Guldpokalen, Kerteminde (DK)<\/td><\/tr><tr><td><center>12 aug<\/center><\/td><td>Framn\u00e4sdagen\/JW Cup, Framn\u00e4s<\/td><\/tr><tr><td><center>15 augusti (1:a segl.)<\/center><\/td><td>Tisdagsseglingar LDSS, L\u00e5ngedrag<\/td><\/tr><tr><td><center>19 augusti<\/center><\/td><td>Tj\u00f6rn runt<\/td><\/tr><tr><td><center>3 september<\/center><\/td><td>H\u00f6stregatta LDSS, L\u00e5ngedrag<\/td><\/tr><tr><td><center>9 september<\/center><\/td><td>H\u00f6stknalten LDSS + Flottiljtr\u00e4ff<\/td><\/tr><tr><td><center>16 september<\/center><\/td><td>Sista chansen BKSS, Bj\u00f6rlanda<\/td><\/tr><\/tbody><\/table><\/figure>\n\n\n\n<p><strong>Kontaktsperson<\/strong><br>Rolf Uppstr\u00f6m<br>Dragonv\u00e4gen 2<br>459 32 Ljungskile<br>0734052233<br><a title=\"rolf.u@hotmail.com\" href=\"mailto:rolf.u@hotmail.com\">rolf.u@hotmail.com<\/a><\/p>\n","protected":false},"excerpt":{"rendered":"<p>V\u00e4stkusten2016 f\u00e5r vi nog kalla en riktig l\u00e5gs\u00e4song h\u00e4r i v\u00e4st. Deltagarantalet p\u00e5 v\u00e5ra seglingar har varit osedvanligt l\u00e5gt. SM p\u00e5 V\u00e4rtan lockade inte s\u00e5 ist\u00e4llet \u00e5kte n\u00e5gra ner till Danska M\u00e4sterskapet i Skovshoved. D\u00e4r visade det sig som vanligt&hellip; <a href=\"https:\/\/folkbat.se\/wordpress\/?page_id=1177\" class=\"apace-readmore-link\"><span class=\"screen-reader-text\">V\u00e4stkusten<\/span>L\u00e4s mer<\/a><\/p>\n","protected":false},"author":1,"featured_media":0,"parent":16,"menu_order":0,"comment_status":"closed","ping_status":"closed","template":"full-width-page.php","meta":{"jetpack_post_was_ever_published":false,"footnotes":""},"class_list":["post-1177","page","type-page","status-publish","hentry"],"jetpack_sharing_enabled":true,"jetpack_shortlink":"https:\/\/wp.me\/P5CsWc-iZ","jetpack-related-posts":[{"id":1209,"url":"https:\/\/folkbat.se\/wordpress\/?page_id=1209","url_meta":{"origin":1177,"position":0},"title":"Kom ig\u00e5ng och segla!","author":"Webbmaster","date":"28 februari 2017","format":false,"excerpt":"Vi \u00e4r drygt 20 kappseglande b\u00e5tar i Sverige och \u00f6ver 200 i Nordeuropa. Varje \u00e5r seglar vi om Svenskt m\u00e4sterskap och om Guldpokalen (v\u00e5r internationella t\u00e4vling) i Norden eller Tyskland samt andra t\u00e4vlingar i Sverige och Norden. Aktuella kappseglingar H\u00e4r finns kappseglingsprogrammet Begagnade folkb\u00e5tar och tillbeh\u00f6r Du f\u00e5r en bra\u2026","rel":"","context":"Liknande inl\u00e4gg","block_context":{"text":"Liknande inl\u00e4gg","link":""},"img":{"alt_text":"","src":"","width":0,"height":0},"classes":[]},{"id":53,"url":"https:\/\/folkbat.se\/wordpress\/?page_id=53","url_meta":{"origin":1177,"position":1},"title":"Historia","author":"Webbmaster","date":"12 januari 2015","format":false,"excerpt":"Folkb\u00e5ten har en tradition. Detta \u00e4r en omistlig kvalit\u00e9 som tycks uppskattas mer och mer och som kanske \u00e4r en delf\u00f6rklaring till den goda sammanh\u00e5llning som man finner bland t. ex. Folkb\u00e5tseglare, Sk\u00e4rg\u00e5rdskryssare, Neppare m. fl. Folkb\u00e5ten fyller 2002 60 \u00e5r. H\u00e4r \u00e4r en tillbakablick: Id\u00e9n I slutet av 30-talet\u2026","rel":"","context":"Liknande inl\u00e4gg","block_context":{"text":"Liknande inl\u00e4gg","link":""},"img":{"alt_text":"","src":"","width":0,"height":0},"classes":[]},{"id":3263,"url":"https:\/\/folkbat.se\/wordpress\/?page_id=3263","url_meta":{"origin":1177,"position":2},"title":"OFK \u2013 Ostkustens Folkb\u00e5tsklubb","author":"ostkustensfk","date":"10 mars 2023","format":false,"excerpt":"Ostkustens Folkb\u00e5tsklubb \u00e4r den st\u00f6rsta flottiljen i f\u00f6rbundet med ~140 medlemmar.Flottiljen str\u00e4cker sig fr\u00e5n Kalmar i s\u00f6der till Haparanda i norr. De flesta medlemmarna finns i Stockholmstrakten, d\u00e4r de aktiva kappseglarna i huvudsak parkerar sina b\u00e5tar hos Vikingarnas Segels\u00e4llskap vid Stora Hundudden i Stockholm. Stockholmsserien 2026 I Stockholmsserien 2026 r\u00e4knar\u2026","rel":"","context":"Liknande inl\u00e4gg","block_context":{"text":"Liknande inl\u00e4gg","link":""},"img":{"alt_text":"","src":"","width":0,"height":0},"classes":[]},{"id":50,"url":"https:\/\/folkbat.se\/wordpress\/?page_id=50","url_meta":{"origin":1177,"position":3},"title":"L\u00e4nkar","author":"Webbmaster","date":"12 januari 2015","format":false,"excerpt":"F\u00f6rbund Svenska Seglarf\u00f6rbundetNordic Folkboat International AssociationDansk Folkeb\u00e5dsklubEesti Folkbootide Flotill (Estland)Finlands Folkb\u00e5tsf\u00f6rbundNederlandse Folkboot Club (Nederl\u00e4nderna)Asociaci\u00f3n Nordic Folkboat Espa\u00f1a (Spanien)UK Folkboat AssociationDeutsche Folkeboot VereinigungFolkeboot Magyarorsz\u00e1gon (Ungern)SF Bay Folkboat Association B\u00e5tbyggare och tillbeh\u00f6r Nya och begagnade b\u00e5tar och tillbeh\u00f6r, se Kom ig\u00e5ng och segla! Mats b\u00e5tbyggeri \u2013\u00a0master och bommar i tr\u00e4.Annell b\u00e5tbyggeri \u2013\u2026","rel":"","context":"Liknande inl\u00e4gg","block_context":{"text":"Liknande inl\u00e4gg","link":""},"img":{"alt_text":"","src":"","width":0,"height":0},"classes":[]},{"id":2705,"url":"https:\/\/folkbat.se\/wordpress\/?page_id=2705","url_meta":{"origin":1177,"position":4},"title":"Videotek","author":"Webbmaster","date":"15 november 2021","format":false,"excerpt":"Filmer fr\u00e5n kappseglingar (nyast f\u00f6rst) https:\/\/youtube.com\/playlist?list=PL_ahfjNMH5ca4Y4UHxTnxpu-Qg2aNsq3p Svenska Seglarf\u00f6rbundets Fystr\u00e4ning f\u00f6r seglare med Karin Wigforss https:\/\/youtube.com\/playlist?list=PLmKAz4ckuV9XNmwYF4Ow_Q7xTEyz2vXRu Sj\u00f6historiskas presentation om folkb\u00e5ten https:\/\/youtu.be\/b1Zas93Ssq4 Folkb\u00e5tsvisor https:\/\/youtube.com\/playlist?list=PL_ahfjNMH5cZWrNo5TloDCjkDEhGRFN0N","rel":"","context":"Liknande inl\u00e4gg","block_context":{"text":"Liknande inl\u00e4gg","link":""},"img":{"alt_text":"","src":"https:\/\/i0.wp.com\/img.youtube.com\/vi\/PL_ahfjNMH5ca4Y4UHxTnxpu-Qg2aNsq3p\/0.jpg?resize=350%2C200","width":350,"height":200},"classes":[]},{"id":531,"url":"https:\/\/folkbat.se\/wordpress\/?page_id=531","url_meta":{"origin":1177,"position":5},"title":"K\u00f6pa folkb\u00e5t","author":"Webbmaster","date":"20 augusti 2015","format":false,"excerpt":"Folkb\u00e5ten \u00e4r en robust konstruktion, och n\u00e5gra direkt svaga punkter finns ej. Ska du k\u00f6pa en Folkb\u00e5t f\u00f6r enbart turseglig \u00e4r det d\u00e4rf\u00f6r inte s\u00e5 mycket att s\u00e4ga om just Folkb\u00e5ten. En grundlig inspektion av hela b\u00e5ten, g\u00e4rna tillsammans med en erfaren kamrat, b\u00f6r sj\u00e4lvklart g\u00f6ras f\u00f6re sj\u00e4lva k\u00f6pet. Dock\u2026","rel":"","context":"Med 1 kommentar","block_context":{"text":"Med 1 kommentar","link":"https:\/\/folkbat.se\/wordpress\/?page_id=531#comments"},"img":{"alt_text":"","src":"","width":0,"height":0},"classes":[]}],"_links":{"self":[{"href":"https:\/\/folkbat.se\/wordpress\/index.php?rest_route=\/wp\/v2\/pages\/1177","targetHints":{"allow":["GET"]}}],"collection":[{"href":"https:\/\/folkbat.se\/wordpress\/index.php?rest_route=\/wp\/v2\/pages"}],"about":[{"href":"https:\/\/folkbat.se\/wordpress\/index.php?rest_route=\/wp\/v2\/types\/page"}],"author":[{"embeddable":true,"href":"https:\/\/folkbat.se\/wordpress\/index.php?rest_route=\/wp\/v2\/users\/1"}],"replies":[{"embeddable":true,"href":"https:\/\/folkbat.se\/wordpress\/index.php?rest_route=%2Fwp%2Fv2%2Fcomments&post=1177"}],"version-history":[{"count":14,"href":"https:\/\/folkbat.se\/wordpress\/index.php?rest_route=\/wp\/v2\/pages\/1177\/revisions"}],"predecessor-version":[{"id":3303,"href":"https:\/\/folkbat.se\/wordpress\/index.php?rest_route=\/wp\/v2\/pages\/1177\/revisions\/3303"}],"up":[{"embeddable":true,"href":"https:\/\/folkbat.se\/wordpress\/index.php?rest_route=\/wp\/v2\/pages\/16"}],"wp:attachment":[{"href":"https:\/\/folkbat.se\/wordpress\/index.php?rest_route=%2Fwp%2Fv2%2Fmedia&parent=1177"}],"curies":[{"name":"wp","href":"https:\/\/api.w.org\/{rel}","templated":true}]}}