{"id":16,"date":"2015-01-12T11:09:35","date_gmt":"2015-01-12T10:09:35","guid":{"rendered":"http:\/\/folkbat.se\/wordpress\/?page_id=16"},"modified":"2025-06-16T22:22:04","modified_gmt":"2025-06-16T20:22:04","slug":"flottiljer","status":"publish","type":"page","link":"https:\/\/folkbat.se\/wordpress\/?page_id=16","title":{"rendered":"Flottiljer"},"content":{"rendered":"<ul>\n<li><a title=\"Blekinge\" href=\"http:\/\/folkbat.se\/blekinge.html\" target=\"_blank\" rel=\"noopener\">Blekinge<\/a><\/li>\n<li><a title=\"Halmstad\" href=\"http:\/\/www.hss1910.nu\" target=\"_blank\" rel=\"noopener\">Halmstad<\/a><\/li>\n<li><a title=\"Blekinge\" href=\"http:\/\/folkbat.se\/ostkusten.html\" target=\"_blank\" rel=\"noopener\">Ostkusten<\/a><\/li>\n<li><a title=\"Sk\u00e5ne\" href=\"https:\/\/folkbat.se\/wordpress\/?page_id=4195\u2197\" rel=\"noopener\">Sk\u00e5ne<\/a><\/li>\n<li><a title=\"V\u00e4stkusten\" href=\"http:\/\/folkboat.se\" target=\"_blank\" rel=\"noopener\">V\u00e4stkusten<\/a><\/li>\n<\/ul>\n\n\n<p><\/p>\n","protected":false},"excerpt":{"rendered":"<p>Blekinge Halmstad Ostkusten Sk\u00e5ne V\u00e4stkusten<\/p>\n","protected":false},"author":1,"featured_media":0,"parent":0,"menu_order":3,"comment_status":"closed","ping_status":"closed","template":"","meta":{"jetpack_post_was_ever_published":false,"footnotes":""},"class_list":["post-16","page","type-page","status-publish","hentry"],"jetpack_sharing_enabled":true,"jetpack_shortlink":"https:\/\/wp.me\/P5CsWc-g","jetpack-related-posts":[{"id":1177,"url":"https:\/\/folkbat.se\/wordpress\/?page_id=1177","url_meta":{"origin":16,"position":0},"title":"V\u00e4stkusten","author":"Webbmaster","date":"7 februari 2017","format":false,"excerpt":"V\u00e4stkusten2016 f\u00e5r vi nog kalla en riktig l\u00e5gs\u00e4song h\u00e4r i v\u00e4st. Deltagarantalet p\u00e5 v\u00e5ra seglingar har varit osedvanligt l\u00e5gt. SM p\u00e5 V\u00e4rtan lockade inte s\u00e5 ist\u00e4llet \u00e5kte n\u00e5gra ner till Danska M\u00e4sterskapet i Skovshoved. D\u00e4r visade det sig som vanligt att \u201dDi danske\u201d var sv\u00e5rslagna. Men \u201dPaj\u201d fr\u00e5n Karlshamn snodde\u2026","rel":"","context":"Liknande inl\u00e4gg","block_context":{"text":"Liknande inl\u00e4gg","link":""},"img":{"alt_text":"","src":"","width":0,"height":0},"classes":[]},{"id":3263,"url":"https:\/\/folkbat.se\/wordpress\/?page_id=3263","url_meta":{"origin":16,"position":1},"title":"OFK \u2013 Ostkustens Folkb\u00e5tsklubb","author":"ostkustensfk","date":"10 mars 2023","format":false,"excerpt":"Ostkustens Folkb\u00e5tsklubb \u00e4r den st\u00f6rsta flottiljen i f\u00f6rbundet med ~140 medlemmar.Flottiljen str\u00e4cker sig fr\u00e5n Kalmar i s\u00f6der till Haparanda i norr. De flesta medlemmarna finns i Stockholmstrakten, d\u00e4r de aktiva kappseglarna i huvudsak parkerar sina b\u00e5tar hos Vikingarnas Segels\u00e4llskap vid Stora Hundudden i Stockholm. Stockholmsserien 2026 I Stockholmsserien 2026 r\u00e4knar\u2026","rel":"","context":"Liknande inl\u00e4gg","block_context":{"text":"Liknande inl\u00e4gg","link":""},"img":{"alt_text":"","src":"","width":0,"height":0},"classes":[]},{"id":4195,"url":"https:\/\/folkbat.se\/wordpress\/?page_id=4195","url_meta":{"origin":16,"position":2},"title":"Sk\u00e5ne","author":"Webbmaster","date":"16 juni 2025","format":false,"excerpt":"Ordf\u00f6rande Anders Carlzon anders.carlzon@telia.com Vice Ordf\u00f6rande och Lokalombud \u00d6resund Kenneth Nilsson carpe-diem.ken@telia.com Kass\u00f6r Elisabet Rosenqvist elisabetrosenqvist@hotmail.com Sekreterare Martin Johansson martin.johansson757@gmail.com Ledamot Ulf Bj\u00f6rk info@sydsegel.se Suppleant Anders Polsten anders@polsten.se","rel":"","context":"Liknande inl\u00e4gg","block_context":{"text":"Liknande inl\u00e4gg","link":""},"img":{"alt_text":"","src":"","width":0,"height":0},"classes":[]},{"id":56,"url":"https:\/\/folkbat.se\/wordpress\/?page_id=56","url_meta":{"origin":16,"position":3},"title":"Kappsegling","author":"Webbmaster","date":"12 januari 2015","format":false,"excerpt":"2021 9\u201311 juli Hang\u00f6regattan Hang\u00f6 13\u201315 juli Finska m\u00e4sterskapet Hang\u00f6 24\u201329 juli Guldpokalen Tallinn 13\u201315 augusti Svenska m\u00e4sterskapet Stenungsund F\u00f6r fler kappseglingar, se respektive flottilj.","rel":"","context":"Liknande inl\u00e4gg","block_context":{"text":"Liknande inl\u00e4gg","link":""},"img":{"alt_text":"","src":"","width":0,"height":0},"classes":[]},{"id":2246,"url":"https:\/\/folkbat.se\/wordpress\/?page_id=2246","url_meta":{"origin":16,"position":4},"title":"F\u00f6rbundsfunktion\u00e4rer","author":"Webbmaster","date":"2 november 2020","format":false,"excerpt":"Kontaktuppgifter till styrelsen KontaktpersonerHalmstad: Lars\u00a0Evaldsson, 070-814 55 78, lars.evalds\u00adson@telia.comKarlsborg: Karl-Johan\u00a0Erics\u00adson, 070-248 25 20, karl-johan.ericsson@ahlstrom.comMalm\u00f6: Anders\u00a0Carlzon, 040-15 45 19, anderscarlzon@icloud.comStockholm: Hob\u00adbe\u00a0W\u00e4rneg\u00e5rd, 073-598 99 13, hobrik@hobrik.seYstad: Pehr\u00a0Ola\u00a0Pehrs\u00adson, pehr.ola.pehrs\u00adson@telia.com Redakt\u00f6rer f\u00f6r Folkb\u00e5tsnyttPer H\u00f6rberg (per.hrberg@samutveckling.se)G\u00f6ran SvenssonAlexander Bratt Webbredakt\u00f6rAlexander Bratt (webb@folkbat.se) F\u00f6rbundsm\u00e4tpersonerPer Lindell (G\u00f6teborg; per.h.lindell@gmail.com)Pehr Ola Persson (Ystad; pehr.ola.pehrsson@telia.com)Johan Tuvstedt (T\u00e4by; johan@tuvstedt.se)","rel":"","context":"Liknande inl\u00e4gg","block_context":{"text":"Liknande inl\u00e4gg","link":""},"img":{"alt_text":"","src":"","width":0,"height":0},"classes":[]}],"_links":{"self":[{"href":"https:\/\/folkbat.se\/wordpress\/index.php?rest_route=\/wp\/v2\/pages\/16","targetHints":{"allow":["GET"]}}],"collection":[{"href":"https:\/\/folkbat.se\/wordpress\/index.php?rest_route=\/wp\/v2\/pages"}],"about":[{"href":"https:\/\/folkbat.se\/wordpress\/index.php?rest_route=\/wp\/v2\/types\/page"}],"author":[{"embeddable":true,"href":"https:\/\/folkbat.se\/wordpress\/index.php?rest_route=\/wp\/v2\/users\/1"}],"replies":[{"embeddable":true,"href":"https:\/\/folkbat.se\/wordpress\/index.php?rest_route=%2Fwp%2Fv2%2Fcomments&post=16"}],"version-history":[{"count":7,"href":"https:\/\/folkbat.se\/wordpress\/index.php?rest_route=\/wp\/v2\/pages\/16\/revisions"}],"predecessor-version":[{"id":4211,"href":"https:\/\/folkbat.se\/wordpress\/index.php?rest_route=\/wp\/v2\/pages\/16\/revisions\/4211"}],"wp:attachment":[{"href":"https:\/\/folkbat.se\/wordpress\/index.php?rest_route=%2Fwp%2Fv2%2Fmedia&parent=16"}],"curies":[{"name":"wp","href":"https:\/\/api.w.org\/{rel}","templated":true}]}}