{"id":200,"date":"2015-04-02T20:21:58","date_gmt":"2015-04-02T18:21:58","guid":{"rendered":"http:\/\/folkbat.se\/wordpress\/?page_id=200"},"modified":"2024-11-09T21:54:38","modified_gmt":"2024-11-09T20:54:38","slug":"klassbestammelser-2009-2012","status":"publish","type":"page","link":"https:\/\/folkbat.se\/wordpress\/?page_id=200","title":{"rendered":"Klassregler"},"content":{"rendered":"\n<p>Klassregler finns hos <a href=\"https:\/\/folkboat.com\/class-rules\/\">Nordic Folkboat International Association<\/a>.<\/p>\n\n\n\n<p>En ej l\u00e4ngre g\u00e4llande men senast \u00f6versatt version till svenska kan f\u00e5s via mejl, <a href=\"mailto:webb@folkbat.se\">webb@folkbat.se<\/a>, att till exempel anv\u00e4ndas som st\u00f6d vid l\u00e4sning av de g\u00e4llande klassreglerna ovan.<\/p>\n\n\n\n<p>Svenska Seglarf\u00f6rbundets databas med m\u00e4tbrev finns p\u00e5 <a href=\"https:\/\/matbrev.svensksegling.se\/Entyp\/ApprovedList\">matbrev.svensksegling.se\/Entyp\/ApprovedList<\/a>.<\/p>\n","protected":false},"excerpt":{"rendered":"<p>Klassregler finns hos Nordic Folkboat International Association. En ej l\u00e4ngre g\u00e4llande men senast \u00f6versatt version till svenska kan f\u00e5s via mejl, webb@folkbat.se, att till exempel anv\u00e4ndas som st\u00f6d vid l\u00e4sning av de g\u00e4llande klassreglerna ovan. Svenska Seglarf\u00f6rbundets databas med m\u00e4tbrev&hellip; <a href=\"https:\/\/folkbat.se\/wordpress\/?page_id=200\" class=\"apace-readmore-link\"><span class=\"screen-reader-text\">Klassregler<\/span>L\u00e4s mer<\/a><\/p>\n","protected":false},"author":1,"featured_media":0,"parent":56,"menu_order":0,"comment_status":"open","ping_status":"closed","template":"","meta":{"jetpack_post_was_ever_published":false,"footnotes":""},"class_list":["post-200","page","type-page","status-publish","hentry"],"jetpack_sharing_enabled":true,"jetpack_shortlink":"https:\/\/wp.me\/P5CsWc-3e","jetpack-related-posts":[{"id":53,"url":"https:\/\/folkbat.se\/wordpress\/?page_id=53","url_meta":{"origin":200,"position":0},"title":"Historia","author":"Webbmaster","date":"12 januari 2015","format":false,"excerpt":"Folkb\u00e5ten har en tradition. Detta \u00e4r en omistlig kvalit\u00e9 som tycks uppskattas mer och mer och som kanske \u00e4r en delf\u00f6rklaring till den goda sammanh\u00e5llning som man finner bland t. ex. Folkb\u00e5tseglare, Sk\u00e4rg\u00e5rdskryssare, Neppare m. fl. Folkb\u00e5ten fyller 2002 60 \u00e5r. H\u00e4r \u00e4r en tillbakablick: Id\u00e9n I slutet av 30-talet\u2026","rel":"","context":"Liknande inl\u00e4gg","block_context":{"text":"Liknande inl\u00e4gg","link":""},"img":{"alt_text":"","src":"","width":0,"height":0},"classes":[]},{"id":133,"url":"https:\/\/folkbat.se\/wordpress\/?page_id=133","url_meta":{"origin":200,"position":1},"title":"Classic Folkb\u00e5t \u2013 samlade tips och id\u00e9er","author":"Webbmaster","date":"22 januari 2015","format":false,"excerpt":"H\u00e4r \u00e4r den virtuella versionen av den beramade \"Folkb\u00e5tsp\u00e4rmen\", den fysiska p\u00e4rmen kan k\u00f6pas genom Olle Lundgren, se nedan. Denna p\u00e4rm \u00e4r t\u00e4nkt att vara en hj\u00e4lp och ett st\u00f6d till alla tr\u00e4folkb\u00e5ts\u00e4gare. Den inneh\u00e5ller en samling artiklar om b\u00e5de underh\u00e5ll och reparationer p\u00e5 tr\u00e4folkan och dessutom synpunkter och id\u00e9er\u2026","rel":"","context":"Liknande inl\u00e4gg","block_context":{"text":"Liknande inl\u00e4gg","link":""},"img":{"alt_text":"","src":"https:\/\/i0.wp.com\/2.bp.blogspot.com\/_t7rvjHXh2kc\/SWuWIXsPjuI\/AAAAAAAABHw\/aJIzwJMNdwE\/s400\/parmen.jpg?resize=350%2C200","width":350,"height":200},"classes":[]},{"id":1209,"url":"https:\/\/folkbat.se\/wordpress\/?page_id=1209","url_meta":{"origin":200,"position":2},"title":"Kom ig\u00e5ng och segla!","author":"Webbmaster","date":"28 februari 2017","format":false,"excerpt":"Vi \u00e4r drygt 20 kappseglande b\u00e5tar i Sverige och \u00f6ver 200 i Nordeuropa. Varje \u00e5r seglar vi om Svenskt m\u00e4sterskap och om Guldpokalen (v\u00e5r internationella t\u00e4vling) i Norden eller Tyskland samt andra t\u00e4vlingar i Sverige och Norden. Aktuella kappseglingar H\u00e4r finns kappseglingsprogrammet Begagnade folkb\u00e5tar och tillbeh\u00f6r Du f\u00e5r en bra\u2026","rel":"","context":"Liknande inl\u00e4gg","block_context":{"text":"Liknande inl\u00e4gg","link":""},"img":{"alt_text":"","src":"","width":0,"height":0},"classes":[]},{"id":2961,"url":"https:\/\/folkbat.se\/wordpress\/?page_id=2961","url_meta":{"origin":200,"position":3},"title":"Bilder","author":"Webbmaster","date":"12 augusti 2022","format":false,"excerpt":"Svenska m\u00e4sterskapet 2022 i Ystad Search Magazine Classic Challenge 2017 Svenska m\u00e4sterskapet 2016 i Stockholm Guldpokalen 1982 i Simrishamn Finlands Folkb\u00e5tsf\u00f6rbunds bildarkiv: https:\/\/www.folkkari.net\/32425","rel":"","context":"Liknande inl\u00e4gg","block_context":{"text":"Liknande inl\u00e4gg","link":""},"img":{"alt_text":"","src":"https:\/\/i0.wp.com\/folkbat.se\/wordpress\/wp-content\/uploads\/2022\/08\/liten-fil-8111002.jpg?resize=350%2C200","width":350,"height":200,"srcset":"https:\/\/i0.wp.com\/folkbat.se\/wordpress\/wp-content\/uploads\/2022\/08\/liten-fil-8111002.jpg?resize=350%2C200 1x, https:\/\/i0.wp.com\/folkbat.se\/wordpress\/wp-content\/uploads\/2022\/08\/liten-fil-8111002.jpg?resize=525%2C300 1.5x, https:\/\/i0.wp.com\/folkbat.se\/wordpress\/wp-content\/uploads\/2022\/08\/liten-fil-8111002.jpg?resize=700%2C400 2x, https:\/\/i0.wp.com\/folkbat.se\/wordpress\/wp-content\/uploads\/2022\/08\/liten-fil-8111002.jpg?resize=1050%2C600 3x, https:\/\/i0.wp.com\/folkbat.se\/wordpress\/wp-content\/uploads\/2022\/08\/liten-fil-8111002.jpg?resize=1400%2C800 4x"},"classes":[]},{"id":531,"url":"https:\/\/folkbat.se\/wordpress\/?page_id=531","url_meta":{"origin":200,"position":4},"title":"K\u00f6pa folkb\u00e5t","author":"Webbmaster","date":"20 augusti 2015","format":false,"excerpt":"Folkb\u00e5ten \u00e4r en robust konstruktion, och n\u00e5gra direkt svaga punkter finns ej. Ska du k\u00f6pa en Folkb\u00e5t f\u00f6r enbart turseglig \u00e4r det d\u00e4rf\u00f6r inte s\u00e5 mycket att s\u00e4ga om just Folkb\u00e5ten. En grundlig inspektion av hela b\u00e5ten, g\u00e4rna tillsammans med en erfaren kamrat, b\u00f6r sj\u00e4lvklart g\u00f6ras f\u00f6re sj\u00e4lva k\u00f6pet. Dock\u2026","rel":"","context":"Med 1 kommentar","block_context":{"text":"Med 1 kommentar","link":"https:\/\/folkbat.se\/wordpress\/?page_id=531#comments"},"img":{"alt_text":"","src":"","width":0,"height":0},"classes":[]},{"id":2422,"url":"https:\/\/folkbat.se\/wordpress\/?page_id=2422","url_meta":{"origin":200,"position":5},"title":"Folkb\u00e5tsregistret","author":"Webbmaster","date":"19 april 2021","format":false,"excerpt":"Register \u00f6ver svenska folkb\u00e5tar som pdf-fil","rel":"","context":"Liknande inl\u00e4gg","block_context":{"text":"Liknande inl\u00e4gg","link":""},"img":{"alt_text":"","src":"","width":0,"height":0},"classes":[]}],"_links":{"self":[{"href":"https:\/\/folkbat.se\/wordpress\/index.php?rest_route=\/wp\/v2\/pages\/200","targetHints":{"allow":["GET"]}}],"collection":[{"href":"https:\/\/folkbat.se\/wordpress\/index.php?rest_route=\/wp\/v2\/pages"}],"about":[{"href":"https:\/\/folkbat.se\/wordpress\/index.php?rest_route=\/wp\/v2\/types\/page"}],"author":[{"embeddable":true,"href":"https:\/\/folkbat.se\/wordpress\/index.php?rest_route=\/wp\/v2\/users\/1"}],"replies":[{"embeddable":true,"href":"https:\/\/folkbat.se\/wordpress\/index.php?rest_route=%2Fwp%2Fv2%2Fcomments&post=200"}],"version-history":[{"count":12,"href":"https:\/\/folkbat.se\/wordpress\/index.php?rest_route=\/wp\/v2\/pages\/200\/revisions"}],"predecessor-version":[{"id":4057,"href":"https:\/\/folkbat.se\/wordpress\/index.php?rest_route=\/wp\/v2\/pages\/200\/revisions\/4057"}],"up":[{"embeddable":true,"href":"https:\/\/folkbat.se\/wordpress\/index.php?rest_route=\/wp\/v2\/pages\/56"}],"wp:attachment":[{"href":"https:\/\/folkbat.se\/wordpress\/index.php?rest_route=%2Fwp%2Fv2%2Fmedia&parent=200"}],"curies":[{"name":"wp","href":"https:\/\/api.w.org\/{rel}","templated":true}]}}